igit of i?
8
What is the units digit of (-41727)/(-12) + (-3)/12?
7
Let k = 34501 + 35033. What is the units digit of k?
4
Let k = 20645 + -13561. What is the thousands digit of k?
7
Let f be 9 + -2 + 49/7. Suppose -f*p = 3755 - 10559. What is the units digit of p?
6
Suppose 10*h = 13*h - 1890. Suppose -2*j - 104 = -j - 4*c, 2*c = -5*j - h. Let d = 234 + j. What is the tens digit of d?
1
Suppose -6*p + 3*p = -3*v, -32 = -5*v - 3*p. Suppose -2*u - 20 = -7*u, v*u - 37 = -c. What is the units digit of c?
1
Suppose 0 = -4*q - 8, -5*y + 5*q + 22 = -2*y. Suppose -r + 101 = -3*p, r - y*p = -3*r + 404. What is the hundreds digit of r?
1
Let i(s) = -3*s**3 + 2*s**2 + s. Let u be i(-2). Suppose -4*y = -476 + 468. What is the tens digit of y/(-12) - (-845)/u?
2
Suppose -86*i - 1 = -85*i. What is the units digit of 543 + 16/8 - (2 + i)?
4
Suppose 2*t + w + 32 = 6*t, 4*w = t - 23. Suppose 3*j + 2*g = t*j + 32, 2*j + g = -20. Let c = j + 151. What is the hundreds digit of c?
1
What is the hundreds digit of (224/12 + -11)*210?
6
Let j(q) = 2295*q - 590. What is the units digit of j(13)?
5
Suppose 5*o - 199 = 5*c + 176, 6 = 3*c. Suppose t - 4 - 5 = -2*k, 0 = -k - 6. What is the units digit of ((-160)/3)/((o/t)/(-11))?
0
Let g = 1456 + -807. Suppose g + 437 = 6*h. What is the units digit of h?
1
Suppose 0 = -5*y - 3*d + 2046, 2*y + 2*d - 820 = -0*y. Let k = y - 224. Suppose 0 = 4*t - 32 - k. What is the tens digit of t?
5
Let y(j) = -2*j**2 - 5 + 2*j - 5*j**2 + 0*j**2 - 1 - 2*j**3. Let g be y(-4). What is the hundreds digit of -408*(0 + (-1)/g)*1?
2
Let c(y) be the third derivative of 4*y**5/15 - 23*y**4/24 - 11*y**3/6 + 56*y**2. What is the tens digit of c(8)?
2
Let s be 2472/40 + 6 - 7/(-35). Suppose -8 = 5*m + 4*u + 7, -3*m - 9 = -u. What is the tens digit of ((-6)/(-1))/(m + 210/s)?
6
Suppose 0 = -1856*f + 1859*f - 12. Let p(t) = -t**3 + 3*t**2 + 2*t. Let x be p(3). Suppose -f*w = x*w - 300. What is the units digit of w?
0
Suppose -8*z = -6*z - 4. Suppose 0 = z*l - 11*l + 36. Suppose s = -l*d + 106, 0*d + 5*d + 480 = 5*s. What is the units digit of s?
8
Suppose 9*l - 6654 = -1119. Let d = l + -339. What is the units digit of d?
6
Let f(o) = -o**3 + 7*o**2 - 10*o + 122. What is the tens digit of f(-25)?
7
Suppose -2*r - 169529 = -7*z, -57*z - 5*r + 96886 = -53*z. What is the hundreds digit of z?
2
Suppose 3*v + 7*v + 40 = 0. Let t be (-18)/135 - v/30. Suppose -4*w + 109 = -3*y, 4*w + 2*y - 120 + 6 = t. What is the tens digit of w?
2
Suppose 4*h - 34*g - 6332 = -38*g, -h - 2*g + 1577 = 0. What is the thousands digit of h?
1
Let d(t) = -50*t + 1656. What is the thousands digit of d(-37)?
3
Suppose 0 = 3*k - 12*k. Let s be (16 - -2) + k/1. Suppose s*u - 19*u = -43. What is the tens digit of u?
4
Let o = -76924 - -108900. What is the hundreds digit of o?
9
Suppose 5746 = 6*l + 7942 - 44922. What is the tens digit of l?
2
Suppose -3*n - 36 = -4*i + n, 0 = -2*n - 10. Suppose -i*d - 7 = u, -u - 5*d - 8 = 2. Suppose u*a = 333 + 117. What is the units digit of a?
0
Let x = 2892 + 3038. What is the hundreds digit of x?
9
Suppose 12*z + 4 = 14*z. Suppose -z*p = 2*j - 966, -34*j + 36*j = 3*p - 1454. What is the tens digit of p?
8
Let g(z) be the second derivative of 0 + 1/6*z**3 + 14*z**2 - 5*z. What is the tens digit of g(14)?
4
Let l(h) = -196*h**3 - 4*h**2 - 5*h + 71. What is the tens digit of l(-5)?
9
Let g = 2556 + -855. What is the hundreds digit of g?
7
Suppose -4*c = -8*c + 8268. Let u = c - 491. What is the hundreds digit of u?
5
Let m(x) = 26*x**3 + 2*x**2 - 203*x + 1700. What is the hundreds digit of m(8)?
5
Let x be (-51)/(1/4*(-4)/(-8)). Let t = 816 + x. What is the tens digit of t?
0
Let l be (106912/260)/(7/5 - 1). Let v = 1810 - l. What is the tens digit of v?
8
Let l(w) = 11*w + 157. Let a be l(-20). What is the thousands digit of (4691 + -2)*(-14)/a?
1
Suppose -131*h + 348*h = 15467760. What is the units digit of h?
0
Suppose 41*x = -675 + 3791. Suppose -70*i + x*i = 8592. What is the hundreds digit of i?
4
Let w = 72767 - 45698. What is the ten thousands digit of w?
2
Let k(x) be the first derivative of -x**4/2 - 8*x**3/3 + 10*x**2 - 4*x + 45. What is the tens digit of k(-8)?
4
Suppose 35*h - 1177303 = -h + 121505. What is the tens digit of h?
7
Suppose -3 = t, -4*g - t + 3862 = 1241. What is the hundreds digit of g?
6
Let d be (-3 + 162)*656/24. Suppose d = 11*k + 133. What is the hundreds digit of k?
3
Let q(f) = -12*f - 30. Suppose -5*p + 5*j = -6 - 4, 2*p + 5*j - 18 = 0. Let n be 16/(-2) - (-8 + p). What is the units digit of q(n)?
8
Suppose 22*z - 17*z - 4*d = 2440, 0 = -d + 5. What is the hundreds digit of z?
4
Suppose -24*w + 210594 = 4*w - 259022. What is the ten thousands digit of w?
1
What is the hundreds digit of -2735*(2/(-10) - -16*11/(-220))?
7
Suppose 0 = 165*d - 1656209 - 873076. What is the thousands digit of d?
5
Let k = -438 + 702. Let x = 690 - k. What is the hundreds digit of x?
4
What is the tens digit of (18/(-4))/((-228)/279224)?
1
Suppose -11*o - 2*z = -40085, 12*o - 7*o - 18203 = 2*z. What is the thousands digit of o?
3
Let g = -186 + 186. Suppose u - 7 - 349 = g. What is the hundreds digit of u?
3
Suppose 0*p + c + 5580 = 5*p, 5*p - 5600 = -3*c. Suppose 1120*q - p*q - 2502 = 0. What is the hundreds digit of q?
8
Let h(f) = f**2 + 10*f + 9. Let u be h(-9). Suppose u = -2*z + 35 - 31. Suppose -800 = -8*r - z*r. What is the tens digit of r?
8
Suppose -36 = -6*d + 60. Suppose -3*p + 587 = n, 0 = d*p - 12*p - 4*n - 772. What is the units digit of p?
5
Suppose 3*i + 12 = 0, -103*g + 105*g - 29512 = 2*i. What is the thousands digit of g?
4
Let l(c) = 4*c**2 - 70*c - 708. What is the hundreds digit of l(58)?
6
Let y(n) be the first derivative of n**3/3 + 6*n - 9. Let c be y(12). Let j = c + -90. What is the tens digit of j?
6
Let x be 1*-1*(6 + -129). Let m = 164 + x. What is the tens digit of m?
8
Let k be ((-6)/(-8))/(2/4416). Suppose 2*w = -w + k. Suppose -w = -6*x - 2*x. What is the units digit of x?
9
Let z be 136/10 - (-14)/35. Let l(n) = -8*n - 53. Let q be l(-6). Let v = z - q. What is the units digit of v?
9
Suppose 2*l - 3 + 5 = 5*o, -3*l + 6 = -3*o. Suppose -6 = o*d + 4. Let x(v) = -v**3 + 4*v**2 - 7*v - 11. What is the units digit of x(d)?
9
Let t = -204 - -209. Suppose -3*g - 2 = -v + 13, -t*v - 2*g = -109. What is the units digit of v?
1
Suppose m - 8 = -4. Suppose m*w - 3*w = 75. Suppose g + h - w - 20 = 0, 4*h - 287 = -3*g. What is the units digit of g?
3
Suppose 2*z - 139 = -d, 4*d - 206 = -3*z - 0*d. Let l = z - 75. What is the units digit of (l/(5/2) - -2) + 148?
8
Let r(x) = -3 + 55*x**2 + 104*x**2 - 12511*x + 12506*x. What is the units digit of r(-2)?
3
Suppose 0 = 2*t - 8*g + 3*g - 960, 2*g - 932 = -2*t. Suppose -2 = 5*d - 12, 2*q + 4*d - t = 0. Suppose -41 = 5*p - q. What is the tens digit of p?
3
Suppose 7*k = 4*f + 46395 - 202248, -5*f + 2*k + 194769 = 0. What is the units digit of f?
1
Let h be ((-22)/8 + 0)/(4/(-48)). Let c(n) = 2 + 1 + 38*n + h*n + 0. What is the tens digit of c(1)?
7
Let b = -6480 + 10727. What is the tens digit of b?
4
Let q(s) = 154*s - 323. Let v(f) = 23*f - 309. Let c be v(14). What is the units digit of q(c)?
9
What is the hundreds digit of (-8)/10*10*(6241/(-4) + -4)?
5
What is the ten thousands digit of ((-23)/((-2875)/(-900)))/((-4)/13110)?
2
Let i(s) = -473*s**3 - 3*s**2 - 4*s - 2. Let u be i(-1). Let d = 748 - u. What is the units digit of d?
6
Suppose 5*i = -1398*a + 1399*a - 42350, 4*i = -2*a + 84630. What is the hundreds digit of a?
3
Let x(w) = w**2 - 10*w + 22. Let p be x(7). Let a(y) = 166*y**2 - 2*y. What is the units digit of a(p)?
4
What is the units digit of 16/56 + 150468/14 - 6?
2
What is the thousands digit of (18*(-18 + 9))/(939/315 - 3)?
8
Let b be -5 + (4342/(-8))/(13/(-52)). Let z = -1235 + b. What is the units digit of z?
1
What is the hundreds digit of 15018*(-12)/(-72) + 1 + 4?
5
What is the units digit of (2/(-4)*827346/39)/(-1)?
7
Let p(q) = -9*q - 5. Let f be p(-1). Suppose 4*d + f*u + 77 - 185 = 0, -3 = -3*u. What is the tens digit of (14*d/8)/(2/4)?
9
Let x be ((-644)/12 - -3)/(3/(-9)). Let c = 91 - x. Let g = 3 - c. What is the units digit of g?
4
Let g(p) = p + 105. Let a be g(-9). Suppose 0 = 5*k - 291 + a. What is the tens digit of k?
3
Let c(